{"id":24807,"date":"2017-03-07T17:38:58","date_gmt":"2017-03-07T16:38:58","guid":{"rendered":"http:\/\/aptech.cz\/?page_id=24807"},"modified":"2017-03-07T17:53:52","modified_gmt":"2017-03-07T16:53:52","slug":"contact","status":"publish","type":"page","link":"http:\/\/aptech.cz\/?page_id=24807&lang=en","title":{"rendered":"Contact"},"content":{"rendered":"<p>[et_pb_section bb_built=&#8220;1&#8243; admin_label=&#8220;section&#8220; fullwidth=&#8220;off&#8220; specialty=&#8220;off&#8220; background_color=&#8220;#727272&#8243; inner_shadow=&#8220;on&#8220; parallax=&#8220;on&#8220; transparent_background=&#8220;off&#8220; allow_player_pause=&#8220;off&#8220; parallax_method=&#8220;on&#8220; make_fullwidth=&#8220;off&#8220; use_custom_width=&#8220;off&#8220; width_unit=&#8220;on&#8220; make_equal=&#8220;off&#8220; use_custom_gutter=&#8220;off&#8220; background_image=&#8220;http:\/\/aptech.cz\/wp-content\/uploads\/slider5.jpg&#8220;][et_pb_row admin_label=&#8220;row&#8220;][et_pb_column type=&#8220;1_3&#8243;][et_pb_team_member admin_label=&#8220;Osoba&#8220; name=&#8220;ing. Ale\u0161 KURA&#8220; position=&#8220;Director of the company&#8220; animation=&#8220;off&#8220; background_layout=&#8220;dark&#8220; use_border_color=&#8220;off&#8220; border_color=&#8220;#ffffff&#8220; border_style=&#8220;solid&#8220;]<\/p>\n<p>mobil: +420 777 581 936<br \/>\ne-mail: <a href=\"mailto:ales.kura@aptech.cz\">ales.kura@aptech.cz<\/a><br \/>\nphone: +420 558 324 803<br \/>\nfax: +420 558 324 802<\/p>\n<p>[\/et_pb_team_member][et_pb_text admin_label=&#8220;Text&#8220; background_layout=&#8220;dark&#8220; text_orientation=&#8220;left&#8220; use_border_color=&#8220;off&#8220; border_color=&#8220;#ffffff&#8220; border_style=&#8220;solid&#8220;]<\/p>\n<div id=\"gt-res-content\">\n<h2 id=\"gt-res-dir-ctr\" class=\"trans-verified-button-large\" dir=\"ltr\"><span id=\"result_box\" class=\"short_text\" lang=\"en\"><span class=\"\">Office of the company<\/span><\/span><\/h2>\n<\/div>\n<p><strong>A &amp; P Technologies, s.r.o.<\/strong><br \/>\nOld\u0159ichovice 738 (<span id=\"result_box\" class=\"short_text\" lang=\"en\"><span class=\"\">grounds <\/span><\/span>ANAX)<br \/>\n739 61 T\u0159inec<br \/>\nCzech Republic<br \/>\nI\u010cO: 25864645<br \/>\nDI\u010c: CZ25864645<\/p>\n<h2><span id=\"result_box\" class=\"short_text\" lang=\"en\"><span class=\"alt-edited\">Head office<\/span><\/span><\/h2>\n<p><strong>A &amp; P Technologies<\/strong><br \/>\nR\u016f\u017eov\u00e1 350<br \/>\n739 61 T\u0159inec<\/p>\n<p>[\/et_pb_text][\/et_pb_column][et_pb_column type=&#8220;2_3&#8243;][et_pb_map admin_label=&#8220;Mapa&#8220; address=&#8220;Old\u0159ichovice, 739 61 T\u0159inec, \u010cesko&#8220; address_lat=&#8220;49.66283789711245&#8243; address_lng=&#8220;18.648316090729494&#8243; mouse_wheel=&#8220;off&#8220; mobile_dragging=&#8220;on&#8220; use_grayscale_filter=&#8220;on&#8220; grayscale_filter_amount=&#8220;82&#8243; zoom_level=&#8220;16&#8243;] [et_pb_map_pin title=&#8220;ap technologies&#8220; pin_address=&#8220;Old\u0159ichovice 738, 739 61 T\u0159inec, \u010cesko&#8220; pin_address_lat=&#8220;49.6628546&#8243; pin_address_lng=&#8220;18.648493099999996&#8243;] [\/et_pb_map_pin] [\/et_pb_map][\/et_pb_column][\/et_pb_row][\/et_pb_section][et_pb_section bb_built=&#8220;1&#8243; admin_label=&#8220;Sekce&#8220; fullwidth=&#8220;off&#8220; specialty=&#8220;off&#8220;][et_pb_row admin_label=&#8220;\u0158\u00e1dek&#8220;][et_pb_column type=&#8220;4_4&#8243;][et_pb_divider admin_label=&#8220;Odd\u011blova\u010d&#8220; color=&#8220;#ffffff&#8220; show_divider=&#8220;off&#8220; divider_style=&#8220;solid&#8220; divider_position=&#8220;top&#8220; hide_on_mobile=&#8220;on&#8220;] [\/et_pb_divider][\/et_pb_column][\/et_pb_row][\/et_pb_section]<\/p>\n","protected":false},"excerpt":{"rendered":"<p>[et_pb_section bb_built=&#8220;1&#8243; admin_label=&#8220;section&#8220; fullwidth=&#8220;off&#8220; specialty=&#8220;off&#8220; background_color=&#8220;#727272&#8243; inner_shadow=&#8220;on&#8220; parallax=&#8220;on&#8220; transparent_background=&#8220;off&#8220; allow_player_pause=&#8220;off&#8220; parallax_method=&#8220;on&#8220; make_fullwidth=&#8220;off&#8220; use_custom_width=&#8220;off&#8220; width_unit=&#8220;on&#8220; make_equal=&#8220;off&#8220; use_custom_gutter=&#8220;off&#8220; background_image=&#8220;http:\/\/aptech.cz\/wp-content\/uploads\/slider5.jpg&#8220;][et_pb_row admin_label=&#8220;row&#8220;][et_pb_column type=&#8220;1_3&#8243;][et_pb_team_member admin_label=&#8220;Osoba&#8220; name=&#8220;ing. Ale\u0161 KURA&#8220; position=&#8220;Director of the company&#8220; animation=&#8220;off&#8220; background_layout=&#8220;dark&#8220; use_border_color=&#8220;off&#8220; border_color=&#8220;#ffffff&#8220; border_style=&#8220;solid&#8220;] mobil: +420 777 581 936 e-mail: ales.kura@aptech.cz phone: +420 558 324 803 fax: +420 558 324 802 [\/et_pb_team_member][et_pb_text admin_label=&#8220;Text&#8220; background_layout=&#8220;dark&#8220; text_orientation=&#8220;left&#8220; use_border_color=&#8220;off&#8220; border_color=&#8220;#ffffff&#8220; [&hellip;]<\/p>\n","protected":false},"author":1,"featured_media":0,"parent":0,"menu_order":0,"comment_status":"closed","ping_status":"closed","template":"","meta":{"_et_pb_use_builder":"on","_et_pb_old_content":"","_et_gb_content_width":""},"_links":{"self":[{"href":"http:\/\/aptech.cz\/index.php?rest_route=\/wp\/v2\/pages\/24807"}],"collection":[{"href":"http:\/\/aptech.cz\/index.php?rest_route=\/wp\/v2\/pages"}],"about":[{"href":"http:\/\/aptech.cz\/index.php?rest_route=\/wp\/v2\/types\/page"}],"author":[{"embeddable":true,"href":"http:\/\/aptech.cz\/index.php?rest_route=\/wp\/v2\/users\/1"}],"replies":[{"embeddable":true,"href":"http:\/\/aptech.cz\/index.php?rest_route=%2Fwp%2Fv2%2Fcomments&post=24807"}],"version-history":[{"count":3,"href":"http:\/\/aptech.cz\/index.php?rest_route=\/wp\/v2\/pages\/24807\/revisions"}],"predecessor-version":[{"id":24809,"href":"http:\/\/aptech.cz\/index.php?rest_route=\/wp\/v2\/pages\/24807\/revisions\/24809"}],"wp:attachment":[{"href":"http:\/\/aptech.cz\/index.php?rest_route=%2Fwp%2Fv2%2Fmedia&parent=24807"}],"curies":[{"name":"wp","href":"https:\/\/api.w.org\/{rel}","templated":true}]}}